 number?
True
Is 346679 a prime number?
False
Is 56761 a composite number?
True
Is 1838917 a prime number?
False
Is 6415 composite?
True
Is 793769 a prime number?
True
Is 93067 prime?
False
Is 4267 a composite number?
True
Is 353767 a composite number?
False
Is 18217 prime?
True
Is 365 composite?
True
Is 313013 a composite number?
True
Is 108497 a composite number?
False
Is 11917 a composite number?
True
Is 1739 a prime number?
False
Is 344963 a prime number?
True
Is 299 composite?
True
Is 20317 a prime number?
False
Is 6598 composite?
True
Is 135773 a composite number?
True
Is 118127 a prime number?
True
Is 35357 a composite number?
True
Is 5317 prime?
False
Is 67 a prime number?
True
Is 226279 composite?
True
Is 803903 prime?
False
Is 44059 composite?
False
Is 3111631 prime?
True
Is 42557 prime?
True
Is 2129 prime?
True
Is 4621 a prime number?
True
Is 24889 a prime number?
True
Is 210607 composite?
True
Is 617359 composite?
False
Is 110221 a composite number?
False
Is 2039 prime?
True
Is 5230829 composite?
False
Is 1670321 a prime number?
False
Is 2039 a prime number?
True
Is 55963 prime?
False
Is 53513 a prime number?
False
Is 167511 composite?
True
Is 195089 prime?
True
Is 549529 a prime number?
False
Is 8371 composite?
True
Is 5435 a composite number?
True
Is 3589 prime?
False
Is 913513 composite?
False
Is 15401 a prime number?
True
Is 152657 prime?
True
Is 122963 prime?
True
Is 1461 a prime number?
False
Is 32603 a composite number?
False
Is 1024697 composite?
False
Is 41563 a prime number?
False
Is 5809 a prime number?
False
Is 764501 prime?
True
Is 20337 prime?
False
Is 53677 a composite number?
True
Is 17555 a composite number?
True
Is 206879 a prime number?
True
Is 7493 a composite number?
True
Is 226961 a composite number?
True
Is 6644359 composite?
False
Is 54781 prime?
False
Is 4931 a prime number?
True
Is 6469 a prime number?
True
Is 7159 a composite number?
False
Is 8571 composite?
True
Is 109097 prime?
True
Is 12381 a composite number?
True
Is 10169 a prime number?
True
Is 3949 a composite number?
True
Is 38163 composite?
True
Is 83413 a composite number?
True
Is 363799 a composite number?
False
Is 22531 composite?
False
Is 3865 a prime number?
False
Is 185083 a composite number?
True
Is 3761 composite?
False
Is 67597 composite?
True
Is 1824307 a prime number?
True
Is 24859 a composite number?
False
Is 11873 composite?
True
Is 1112173 a composite number?
True
Is 46933 composite?
False
Is 789169 a composite number?
False
Is 2161 a composite number?
False
Is 15571 prime?
False
Is 160049 a prime number?
True
Is 398779 a composite number?
True
Is 575357 prime?
False
Is 49291 prime?
False
Is 396403 prime?
False
Is 7789 a composite number?
False
Is 2383 a prime number?
True
Is 13085 prime?
False
Is 1511 a composite number?
False
Is 1674011 composite?
False
Is 82133 composite?
True
Is 122101 composite?
True
Is 62779 a prime number?
False
Is 190087 a composite number?
True
Is 3809305 a prime number?
False
Is 6449 a composite number?
False
Is 28787 prime?
False
Is 41131 prime?
True
Is 694123 a composite number?
False
Is 69307 prime?
False
Is 8501 a prime number?
True
Is 1754911 a composite number?
False
Is 684469 a composite number?
False
Is 210331 a composite number?
True
Is 508814 a prime number?
False
Is 7895 composite?
True
Is 1693 a composite number?
False
Is 14791 prime?
False
Is 123953 composite?
False
Is 3491 a composite number?
False
Is 12421 prime?
True
Is 2209 a prime number?
False
Is 1497 a prime number?
False
Is 15014 composite?
True
Is 230105 a prime number?
False
Is 128969 a composite number?
False
Is 2214517 prime?
True
Is 206993 prime?
True
Is 78643 a prime number?
True
Is 73097 a composite number?
True
Is 2503 composite?
False
Is 132283 prime?
True
Is 3163 a prime number?
True
Is 15421 a prime number?
False
Is 107857 a composite number?
False
Is 109717 a composite number?
False
Is 21053 a prime number?
False
Is 31441 composite?
True
Is 71899 a composite number?
False
Is 12817 composite?
True
Is 10645 a composite number?
True
Is 29077 a prime number?
True
Is 18539 composite?
False
Is 2020631 a prime number?
False
Is 139235 composite?
True
Is 606545 a prime number?
False
Is 505181 composite?
False
Is 1802491 prime?
True
Is 1637 a prime number?
True
Is 294127 composite?
False
Is 27238 a composite number?
True
Is 35039 prime?
False
Is 2322163 a composite number?
False
Is 25934 prime?
False
Is 3139111 prime?
True
Is 46021 a composite number?
False
Is 121145 prime?
False
Is 9149 a composite number?
True
Is 243649 composite?
True
Is 7897 a composite number?
True
Is 1637 a composite number?
False
Is 347 a composite number?
False
Is 7318 composite?
True
Is 9337 a composite number?
False
Is 167234 a prime number?
False
Is 70255 prime?
False
Is 31531 a prime number?
True
Is 5261 prime?
True
Is 2231 composite?
True
Is 71851 composite?
True
Is 46889 prime?
True
Is 125821 a composite number?
False
Is 882893 prime?
False
Is 20269 a composite number?
False
Is 176005 composite?
True
Is 224339 prime?
False
Is 2171 composite?
True
Is 2473999 prime?
False
Is 22205 composite?
True
Is 21701 a composite number?
False
Is 45091 prime?
False
Is 131293 a prime number?
True
Is 41843 a composite number?
False
Is 23597 composite?
True
Is 114262 a prime number?
False
Is 1009 prime?
True
Is 1863041 composite?
False
Is 76381 a prime number?
False
Is 3491 a prime number?
True
Is 233057 a composite number?
True
Is 12799 a composite number?
False
Is 88285 a prime number?
False
Is 251 prime?
True
Is 155803 composite?
True
Is 15629 prime?
True
Is 3827 a prime number?
False
Is 355277 a composite number?
True
Is 92717 composite?
False
Is 247213 prime?
False
Is 22541 a prime number?
True
Is 38593 a prime number?
True
Is 1134841 composite?
False
Is 25589 a composite number?
False
Is 580299 a composite number?
True
Is 184153 a prime number?
True
Is 80263 composite?
False
Is 68131 a prime number?
False
Is 456161 prime?
False
Is 25523 a prime number?
True
Is 1399 prime?
True
Is 189817 prime?
True
Is 1779 a composite number?
True
Is 156027 composite?
True
Is 1734818 composite?
True
Is 261241 a composite number?
False
Is 10577 a prime number?
False
Is 3667 a composite number?
True
Is 115483 a prime number?
False
Is 715301 composite?
False
Is 34807 prime?
True
Is 330149 a prime number?
True
Is 220529 a composite number?
False
Is 5569379 composite?
False
Is 394271 a prime number?
True
Is 18419 composite?
True
Is 719 composite?
False
Is 52961 composite?
True
Is 6117 prime?
False
Is 178393 prime?
True
Is 78059 prime?
True
Is 17623 a composite number?
False
Is 14597 a prime number?
False
Is 148241 composite?
True
Is 183569 composite?
False
Is 20471 composite?
True
Is 156329 prime?
True
Is 1585 composite?
True
Is 8267 prime?
False
Is 18743 a composite number?
False
Is 91543 a composite number?
True
Is 50489 composite?
True
Is 40087 composite?
False
Is 962581 a composite number?
True
Is 72122 prime?
False
Is 13451 a prime number?
True
Is 3829 a prime number?
False
Is 331 composite?
False
Is 4543117 a prime number?
True
Is 51077 composite?
True
Is 871 prime?
False
Is 21151 a prime number?
False
Is 93361 prime?
False
Is 152309 a prime number?
False
Is 3571 composite?
False
Is 22229 a prime number?
True
Is 196121 prime?
False
Is 655559 a prime number?
True
Is 91493 composite?
False
Is 154051 a prime number?
False
Is 1060511 a composite number?
True
Is 23117 prime?
True
Is 338953 prime?
False
Is 28319 a composite number?
False
Is 1816481 composite?
True
Is 12763 a composite number?
False
Is 184763 composite?
True
Is 1931 composite?
False
Is 787 composite?
False
Is 201921 composite?
True
Is 43853 a composite number?
False
Is 3547 a composite number?
False
Is 2351 prime?
True
Is 2309 a composite number?
False
Is 19973 a composite number?
False
Is 56251 prime?
False
Is 1991081 composite?
True
Is 66509 composite?
False
Is 176629 composite?
False
Is 70403 a prime number?
False
Is 77821 a composite number?
True
Is 422267 composite?
False
Is 8663 a composite number?
False
Is 93629 a prime number?
True
Is 459181 a composite number?
False
Is 1437 prime?
False
Is 156489 composite?
True
Is 50647 a composite number?
False
Is 32974 composite?
True
Is 37637 prime?
False
Is 451 a compo